tor of 70 and i.
14
Let c be (-4)/18 + (-7552)/36. Let r = -78 - c. What is the highest common factor of r and 33?
33
Let x be 5 - -3 - (-4 - -11). Calculate the highest common factor of x and 6.
1
Let g(n) = -4*n**2 + 81*n + 3. Let o be g(18). Let i be ((-6)/4)/(2/(-20)). What is the highest common divisor of i and o?
15
Suppose -9*x = -7*x + 24. Let n be (-222)/(-11) - x/(-66). Calculate the highest common factor of 20 and n.
20
Let k be 3 - ((-1)/1 + -2). Let h = 67 - 39. Suppose -b + k*b + 2*v - 52 = 0, -3*b + 2*v = -h. Calculate the greatest common factor of b and 110.
10
Let l = 335 - 63. What is the greatest common divisor of l and 170?
34
Let q(f) = f**3 + f**2 + f + 1. Let o be q(-1). Suppose o*p - p + 12 = 0. Suppose -160 + 40 = -2*n. Calculate the greatest common factor of n and p.
12
Let m = 94 + -73. What is the greatest common divisor of 42 and m?
21
Let z(v) = v + 1. Let q be z(4). Suppose -3*s + 20 = -6*g + g, 0 = -q*s - g - 4. Let t be (s + -1 + 13)/1. What is the greatest common divisor of t and 48?
12
Let d be (-552)/(-115)*(-10)/(-4). Let i be 1/(4 + 30/(-8)). Calculate the highest common divisor of i and d.
4
Let u be ((-8)/6)/((-44)/(-1914)). Let t = u - -84. Calculate the highest common divisor of 78 and t.
26
Let j(z) = -z**3 + 3*z**2 + 2*z - 1. Let b be j(4). Let w = 0 - b. Suppose 3*c - 2*c - 54 = 0. Calculate the highest common factor of c and w.
9
Let r(u) = -u**3 + 21*u - 20. Let z be r(-6). Calculate the highest common divisor of z and 80.
10
Let j(l) be the third derivative of 2/3*l**3 - 1/24*l**4 + 11*l**2 + 0 + 0*l. Let w be j(3). What is the highest common factor of w and 2?
1
Let x be 5/20*-1 + (-98)/(-8). Let d be (1 - (-198)/x) + 3/2. Calculate the greatest common factor of d and 114.
19
Suppose m + 2*m = -3*w + 273, 4*m - 363 = -3*w. Calculate the greatest common factor of m and 105.
15
Let o(h) = 2*h**2 - 12*h - 7. Let n = -16 + 23. Let b be o(n). What is the greatest common factor of 1 and b?
1
Suppose -2*c + 0 = 3*h - 14, 17 = 3*h + 5*c. Let k(b) = -b**2 + 7*b - 4. Let z be k(h). What is the greatest common factor of 12 and z?
4
Let i = -3440 - -5409. Calculate the greatest common divisor of 11 and i.
11
Let i = 6 - -16. Let v = i - 3. Let j = -199 + 294. What is the highest common divisor of v and j?
19
Suppose b - 3*i = 2*b - 7, 0 = -4*b + 3*i + 103. Let r be 3/6*(-3)/1*(-22)/3. What is the highest common factor of b and r?
11
Let n = 254 - 247. Calculate the greatest common divisor of n and 707.
7
Let s = -92 + 1901. Calculate the greatest common divisor of s and 18.
9
Suppose -3*p + 1972 = 57*d - 56*d, -d = 2. What is the greatest common factor of 14 and p?
14
Let p(n) = -n - 6. Let v be p(-16). Suppose -9*k = -v*k + 140. What is the greatest common factor of 56 and k?
28
Let y(o) = -o**3 - 6*o**2 - 4*o - 3. Let g be y(-6). Let n(l) = 5*l + 23. Let c be n(-4). What is the greatest common factor of g and c?
3
Suppose -162 = 31*u - 34*u. Calculate the highest common factor of 450 and u.
18
Let s be (-5*38/(-15))/((-1)/(-6)). Calculate the highest common divisor of s and 532.
76
Suppose b - 19 = 3*n, 4*n = 2*b - 3*b - 16. Suppose 0 = b*i - 0*i - 16. Let l = 27 - i. What is the highest common divisor of l and 46?
23
Suppose q + 2*j = 14, -q - 4*j - 42 = -4*q. What is the highest common divisor of q and 16?
2
Let w be (5 - 6) + (-14)/(-1). Let p be -5 + w + 2/(-1). Suppose -4*h + 2*n = -52, 5*h + 3*n = p*n + 64. What is the greatest common factor of h and 42?
14
Suppose h - 150 = -5*h. Let n = 12 - h. Let c = 28 + n. What is the highest common divisor of 3 and c?
3
Suppose 2*u - 3*b = 242, u + 5*b = -0*u + 95. What is the greatest common divisor of 46 and u?
23
Let g(b) = -2*b + 10. Let a be g(-4). Calculate the highest common factor of 342 and a.
18
Let x be (-139)/((2/(-8))/((-12)/(-16))). Calculate the highest common factor of x and 3.
3
Let o(b) = b**3 + 2*b**2 + b + 1. Let u be o(-1). Calculate the greatest common factor of 19 and u.
1
Let t = 1345 + -1055. What is the greatest common factor of 50 and t?
10
Suppose -10*f + 33 = -1087. Calculate the highest common factor of 560 and f.
112
Suppose -5*w = 4*m - 311, 0*w + 248 = 4*w + 4*m. Let u(a) = 2*a**2 + 43*a - 8. Let d be u(-22). What is the highest common factor of w and d?
7
Suppose 4*a = -5*z - 3150, -789 = 2*a - 2*z + 777. Let g be a/(-30) + (-2)/12. Calculate the greatest common divisor of g and 26.
26
Let n be 2*2 - 13/(-13). Suppose -56 = -k - n*j, 2*k + 4*j = 88 + 24. Suppose 2*z + k = 3*l, l - 2*z - 2 = 2*z. What is the highest common divisor of l and 55?
11
Let o be 2/(-13) + 435/39. Let m be ((-4)/(-10))/(7/630). Suppose -m = 3*k - 168. Calculate the highest common divisor of k and o.
11
Let h(l) = -l**3 - 10*l**2 - 10*l + 27. Let r be h(-9). Calculate the highest common divisor of r and 369.
9
Let f(z) = -z**3 + 7*z**2 - 5*z - 5. Let y be f(5). Calculate the highest common factor of y and 20.
20
Let o(u) = -u**3 - 4*u**2 - 3*u. Let q be o(-4). Let g be 0/(-2 - -4) + 48. Calculate the highest common factor of q and g.
12
Suppose -7*h + 463 = 239. What is the greatest common divisor of 608 and h?
32
Let o(c) = 65*c + 943. Let l be o(-14). Suppose -5*a + 5*j - j = -998, 2*a = -2*j + 392. Calculate the greatest common factor of l and a.
33
Suppose 5*s = -5*t - 0*s, 16 = 3*t - s. Suppose 0 = -t*n - 12, 4*y = -y - 2*n + 219. Let k be (-71)/(-4) + 8/32. What is the highest common factor of k and y?
9
Let j(g) = g**2 + 6*g + 5. Suppose 5*i - 12 + 42 = 0. Let v be j(i). Suppose 0*y + 4*h = 4*y, v*y = 4*h + 5. What is the greatest common factor of 1 and y?
1
Let n(l) = -l - 3. Let f = 19 - 23. Let o be n(f). Calculate the highest common factor of o and 4.
1
Let g(j) be the third derivative of -j**6/120 - 7*j**5/60 + 7*j**4/24 + j**3/3 - 13*j**2. Let o be g(-8). What is the greatest common factor of o and 80?
10
Let f = -1861 + 2165. Calculate the highest common factor of 38 and f.
38
Suppose -4*l + 455 = -3*l. What is the highest common factor of 35 and l?
35
Suppose 1012 = 37*c + 7*c. Calculate the greatest common factor of c and 667.
23
Let z(t) = 7*t + 13. Let s be z(4). What is the greatest common divisor of 2 and s?
1
Let o be (240/84)/(0 - (-1)/14). Calculate the greatest common factor of o and 64.
8
Suppose -16 = -2*c - 2*x, c + 11*x - 5 = 7*x. Suppose -7*h + c*h = 24. Calculate the greatest common factor of 228 and h.
12
Let q be -53*(0 - -1)/(-1). Suppose -3*k = 2*l - 36, 0*l + q = 3*l + 4*k. Suppose -33 - 1167 = -10*u. Calculate the highest common divisor of l and u.
15
Let v be (-47 - -22) + 2*2/(-4). Let p be (-11)/9 + v/(-117) - -3. What is the highest common factor of 1 and p?
1
Let l = -630 - -1065. Calculate the highest common divisor of 87 and l.
87
Let j = -2 - -11. Suppose 5*a - j*a + 132 = 0. Suppose 2*b = -b + a. Calculate the highest common divisor of b and 55.
11
Let o(a) = -35*a. Let y be o(1). Let c be (y/2 + 1)/(6/(-16)). Calculate the highest common divisor of 66 and c.
22
Suppose 0 = -9*c + 734 + 814. What is the greatest common divisor of c and 4?
4
Let x(k) = 7*k - 1. Let w be x(1). Let n be (23/(-2))/(((-44)/(-24))/(-11)). Let b = 84 - n. Calculate the greatest common divisor of b and w.
3
Suppose -n - 4*q = -46 + 6, 4*q = n - 48. What is the highest common factor of 11 and n?
11
Let x be 4/(-6)*(-195)/10. Let c = -3 + x. Let a = 2 + c. What is the highest common divisor of a and 8?
4
Let v(b) = b**3 - 5*b**2 + 7*b + 1. Let o be v(3). Suppose k = 3*k - o. Calculate the highest common divisor of 14 and k.
2
Let h be (-2512)/(-6) + 96/72. What is the highest common divisor of 294 and h?
42
Let u(q) = 7*q**2 + 4*q - 1. Let s be u(-3). Suppose 0*f + s = 5*f. Let v = 7 + -2. What is the highest common divisor of f and v?
5
Suppose 11*u - 14*u = -12. Suppose u*n = t + 124, -4*t - 40 = -2*n - 9*t. What is the highest common factor of n and 15?
15
Suppose 82*u - 83*u = -21. What is the greatest common divisor of 63 and u?
21
Let d(i) = -6*i + 1. Suppose 4*t + 12 = 4*m, -2*t - 3*m + 0 = -4. Let x be d(t). Calculate the highest common factor of x and 14.
7
Let g(n) = -n. Let v be g(-1). Let f(y) = 18*y**2 - 2. Let a be f(v). Let x = -39 + 55. Calculate the greatest common factor of a and x.
16
Let n be (6 - 0)*10/15. Su